 the remainder when 2236 is divided by 94?
74
What is the remainder when 25603 is divided by 515?
368
What is the remainder when 232160 is divided by 77367?
59
Calculate the remainder when 65243 is divided by 126.
101
Calculate the remainder when 1983 is divided by 247.
7
Calculate the remainder when 99824 is divided by 49912.
0
What is the remainder when 997 is divided by 9?
7
What is the remainder when 1152 is divided by 870?
282
What is the remainder when 73043 is divided by 338?
35
Calculate the remainder when 34222 is divided by 552.
550
What is the remainder when 1126 is divided by 141?
139
What is the remainder when 3115 is divided by 3112?
3
What is the remainder when 4204 is divided by 54?
46
What is the remainder when 88907 is divided by 44445?
17
Calculate the remainder when 467625 is divided by 133.
130
What is the remainder when 4539 is divided by 268?
251
What is the remainder when 2037203 is divided by 1090?
1083
Calculate the remainder when 69182 is divided by 692.
674
What is the remainder when 554413 is divided by 69?
67
Calculate the remainder when 4949 is divided by 383.
353
Calculate the remainder when 24023 is divided by 54.
47
What is the remainder when 89553 is divided by 1544?
1
Calculate the remainder when 3210 is divided by 331.
231
What is the remainder when 63761 is divided by 21252?
5
What is the remainder when 3883 is divided by 426?
49
What is the remainder when 24995 is divided by 2562?
1937
Calculate the remainder when 17657 is divided by 360.
17
Calculate the remainder when 9198 is divided by 29.
5
Calculate the remainder when 1172652 is divided by 207.
204
Calculate the remainder when 255192 is divided by 161.
7
Calculate the remainder when 1417042 is divided by 12.
10
What is the remainder when 81061 is divided by 121?
112
What is the remainder when 1765 is divided by 236?
113
Calculate the remainder when 18228 is divided by 382.
274
What is the remainder when 2895 is divided by 103?
11
Calculate the remainder when 10745 is divided by 114.
29
What is the remainder when 1859 is divided by 1815?
44
What is the remainder when 63897 is divided by 386?
207
Calculate the remainder when 10983 is divided by 99.
93
What is the remainder when 7309 is divided by 3084?
1141
What is the remainder when 18430 is divided by 76?
38
Calculate the remainder when 4617 is divided by 20.
17
What is the remainder when 11782 is divided by 693?
1
What is the remainder when 350160 is divided by 81?
78
What is the remainder when 1770683 is divided by 31?
25
Calculate the remainder when 84051 is divided by 28016.
3
What is the remainder when 2156 is divided by 57?
47
Calculate the remainder when 140469 is divided by 46822.
3
What is the remainder when 19784 is divided by 395?
34
Calculate the remainder when 2803 is divided by 36.
31
What is the remainder when 49161 is divided by 9822?
51
What is the remainder when 1049 is divided by 152?
137
Calculate the remainder when 3822 is divided by 662.
512
Calculate the remainder when 1605181 is divided by 911.
910
Calculate the remainder when 5812 is divided by 323.
321
Calculate the remainder when 2498 is divided by 827.
17
What is the remainder when 112597 is divided by 294?
289
What is the remainder when 6565 is divided by 411?
400
Calculate the remainder when 315699 is divided by 76.
71
Calculate the remainder when 94 is divided by 63.
31
Calculate the remainder when 765 is divided by 71.
55
What is the remainder when 105281 is divided by 84?
29
What is the remainder when 36126 is divided by 623?
615
Calculate the remainder when 39759 is divided by 112.
111
What is the remainder when 665 is divided by 71?
26
What is the remainder when 5184185 is divided by 19?
16
What is the remainder when 346098 is divided by 263?
253
What is the remainder when 4030 is divided by 1981?
68
Calculate the remainder when 9593 is divided by 439.
374
Calculate the remainder when 1126474 is divided by 39.
37
Calculate the remainder when 365 is divided by 360.
5
Calculate the remainder when 162222 is divided by 32.
14
Calculate the remainder when 658 is divided by 119.
63
Calculate the remainder when 257994 is divided by 71.
51
What is the remainder when 44796 is divided by 35?
31
What is the remainder when 250551 is divided by 47?
41
What is the remainder when 84104 is divided by 21?
20
Calculate the remainder when 318991 is divided by 3890.
11
Calculate the remainder when 5846 is divided by 1126.
216
What is the remainder when 4469 is divided by 890?
19
Calculate the remainder when 17523 is divided by 219.
3
Calculate the remainder when 8496 is divided by 882.
558
What is the remainder when 93229 is divided by 132?
37
Calculate the remainder when 13118 is divided by 398.
382
What is the remainder when 1055 is divided by 229?
139
What is the remainder when 3223 is divided by 301?
213
Calculate the remainder when 13309 is divided by 160.
29
What is the remainder when 1739 is divided by 87?
86
What is the remainder when 15738 is divided by 15716?
22
What is the remainder when 68311 is divided by 37?
9
What is the remainder when 526875 is divided by 8?
3
What is the remainder when 107727 is divided by 378?
375
Calculate the remainder when 962 is divided by 937.
25
What is the remainder when 24801 is divided by 78?
75
Calculate the remainder when 54144 is divided by 3182.
50
Calculate the remainder when 8521 is divided by 86.
7
Calculate the remainder when 152604 is divided by 129.
126
What is the remainder when 40782 is divided by 56?
14
What is the remainder when 24624 is divided by 2?
0
What is the remainder when 19544 is divided by 889?
875
What is the remainder when 1171 is divided by 830?
341
Calculate the remainder when 6092 is divided by 53.
50
Calculate the remainder when 3228176 is divided by 257.
256
What is the remainder when 2631 is divided by 769?
324
What is the remainder when 7703 is divided by 222?
155
Calculate the remainder when 45693 is divided by 408.
405
Calculate the remainder when 4919 is divided by 1230.
1229
Calculate the remainder when 1088 is divided by 6.
2
What is the remainder when 26963 is divided by 82?
67
Calculate the remainder when 5189 is divided by 108.
5
Calculate the remainder when 1400710 is divided by 94.
16
Calculate the remainder when 301902 is divided by 444.
426
Calculate the remainder when 101 is divided by 40.
21
What is the remainder when 5667 is divided by 164?
91
What is the remainder when 1436403 is divided by 7?
3
Calculate the remainder when 59558 is divided by 215.
3
Calculate the remainder when 455571 is divided by 52.
51
What is the remainder when 208726 is divided by 20?
6
What is the remainder when 7277 is divided by 3?
2
Calculate the remainder when 3528 is divided by 59.
47
Calculate the remainder when 644661 is divided by 762.
9
Calculate the remainder when 5417 is divided by 1345.
37
What is the remainder when 5584 is divided by 1736?
376
Calculate the remainder when 5853 is divided by 117.
3
What is the remainder when 42850 is divided by 437?
24
Calculate the remainder when 2100 is divided by 110.
10
Calculate the remainder when 7206 is divided by 212.
210
Calculate the remainder when 20636 is divided by 670.
536
Calculate the remainder when 2866 is divided by 98.
24
What is the remainder when 92750 is divided by 36?
14
What is the remainder when 720340 is divided by 14?
12
Calculate the remainder when 135778 is divided by 60.
58
Calculate the remainder when 6142 is divided by 116.
110
What is the remainder when 81837 is divided by 13632?
45
What is the remainder when 12110635 is divided by 1133?
1131
Calculate the remainder when 24622 is divided by 24600.
22
Calculate the remainder when 10234 is divided by 849.
46
What is the remainder when 3839 is divided by 3?
2
Calculate the remainder when 2647 is divided by 2634.
13
What is the remainder when 60639 is divided by 758?
757
Calculate the remainder when 1253 is divided by 234.
83
Calculate the remainder when 65713 is divided by 26.
11
Calculate the remainder when 499 is divided by 68.
23
Calculate the remainder when 45161 is divided by 198.
17
What is the remainder when 2076 is divided by 59?
11
What is the remainder when 4458 is divided by 194?
190
Calculate the remainder when 17281 is divided b